 5*z - 9 - 11. List the prime factors of 1/2 + 22/z.
2, 3
Let j = -81 + 137. Suppose -2*v + j = -14. What are the prime factors of v?
5, 7
Let n = 5 - 9. Let u be (-3 - 2*-1)*n. Suppose f - 18 = 2*g, -u*f = g - 2*g - 44. List the prime factors of f.
2, 5
Suppose 8*b - 106 = 6*b. What are the prime factors of b?
53
Suppose 2*z + 0 + 2 = 0. Let h be (-3 - -4) + (-4)/z. Suppose -h*p - 2*k + 54 = 0, 0 = -0*p + 3*p + 5*k - 21. List the prime factors of p.
2, 3
Let q(t) = t**3 + 26*t**2 - 96*t + 2. List the prime factors of q(-29).
263
Suppose -w = -3 - 2. Suppose 4*p - 86 = -w*z, 5*z = p - 4*p + 82. List the prime factors of z.
2, 7
Let d(t) = -2*t - 1. List the prime factors of d(-10).
19
Suppose 4*o + 3*q = -51, -o - 33 = o + 3*q. What are the prime factors of (-21)/o + (-1)/3?
2
What are the prime factors of (1/(-3))/((-7)/63)?
3
Suppose -2*h - 3*h + 2*b = -14, -5*h = 5*b - 35. Let x = -2 - -10. Let d = x + h. List the prime factors of d.
2, 3
Suppose -46 = -y - 9. What are the prime factors of y?
37
Let o = -9 + 16. Suppose o = 4*b - 3*a, 2*a - 6*a = -3*b. List the prime factors of b.
2
Suppose 174 = 3*w + 5*l, 3*w - 3*l - 100 = 50. List the prime factors of w.
53
Suppose 5*c - 62 = -3*m + 691, 5*m = 5. Suppose 2*u + c = 3*h + u, -6 = 2*u. Suppose 5*q = -d + h, 13 = q + d - 0*d. What are the prime factors of q?
3
Let i = 29 - 20. Let w be 263/i + (-6)/27. Let r = w + -19. What are the prime factors of r?
2, 5
Suppose -1316 = -5*r - 2*r. List the prime factors of r.
2, 47
Suppose 15 = 7*y - 2*y. Let h = y + 8. Suppose 3*f - h = 16. What are the prime factors of f?
3
Suppose w + 18 = -2*x, x + 2*x = w - 2. Let s = 12 + w. List the prime factors of (s/5)/((-3)/(-120)).
2
Let f(n) = -2 + 25*n - 19*n + n**3 - 7*n**2 + 6. Let d be f(6). List the prime factors of 82/d - (-6)/4.
2, 11
Suppose 56 = 4*d - 0*d. Suppose 0 = 2*p - 0*p - d. List the prime factors of p.
7
Let k(y) = -y**2 - 4*y + 4. Let v be k(-4). Suppose -5*x + 10 + 8 = -3*h, 0 = -h + v. What are the prime factors of x?
2, 3
Let c = 0 - -3. Suppose -c*x + 90 = 2*x. What are the prime factors of x?
2, 3
Suppose 2*m + 24 - 2 = 0. Let k = -6 - m. What are the prime factors of k?
5
Suppose -x = -3*x - 30. Let r = 4 - -2. What are the prime factors of (-8)/r*x/10?
2
Suppose 19 = q + 2. Suppose u = -2*h - 128 + q, 0 = 3*h - u + 154. Let f = -37 - h. List the prime factors of f.
2
List the prime factors of (-14)/105 - 302/(-15).
2, 5
Let z(d) = -d**2 - 3*d - 3. Let a(p) = 1. Let m(i) = -6*a(i) - z(i). Let g be m(-4). Suppose 3 + g = o. What are the prime factors of o?
2
Suppose -4*u + 4*l = -48, 2*l - 6 = 5*u - 51. Suppose -3*y = -u*y + 28. List the prime factors of y.
7
Let d(f) = f**2 + 6*f - 1. Let s be d(-5). List the prime factors of 52/(-3)*s/4.
2, 13
Let t(k) = -k**2 + 8*k + 5. Let q be t(8). Let r(s) = s. Let m be r(q). List the prime factors of (2/6)/(m/150).
2, 5
Let b(v) = -9*v**2 + 2*v + 11*v**2 + 1 + 4*v**2 + 12*v**2. List the prime factors of b(-1).
17
What are the prime factors of (1*-1)/((-11)/583)?
53
Suppose 4*d - 2*m + 121 = 7*d, 5*m + 5 = 0. What are the prime factors of d?
41
Let s be -2 - (-2 + 3)*-1. Let h(g) = -5*g**2 - g. Let l be h(s). List the prime factors of ((-4)/(-1))/(l/(-6)).
2, 3
Suppose 2*p = -2*k + 4, -6 = -3*p - 0*p - 4*k. Suppose -2 = -p*j + 4. List the prime factors of j.
3
Let m(c) = 4*c + 2. Let t be m(-3). Let s(f) = f**2 - 8*f + 12. Let h be s(7). What are the prime factors of 0 + 3 - t/h?
5
Let m be (3 - 12)*(-8)/6. Let s = m - -20. What are the prime factors of s?
2
Suppose -2*l = -3 + 5. Suppose -3*w - 3*v + 27 = -4*v, 3*v - 19 = -w. What are the prime factors of (2/(-5))/(l/w)?
2
Let k = 4 - 4. Suppose -v + k*v = -2. List the prime factors of ((4 - v) + 8)/1.
2, 5
Suppose 7*d + 200 - 998 = 0. What are the prime factors of d?
2, 3, 19
Let c(n) be the second derivative of -n**4/12 + 5*n**3/6 - n**2/2 + n. Let a be c(2). Let l = a - 0. List the prime factors of l.
5
Let b = -10 + 4. Let n = 5 + b. Let c = n + 6. List the prime factors of c.
5
Suppose -m - 8 = m. Let g = 8 + 5. Let u = g + m. List the prime factors of u.
3
Let f(p) = 5*p - 4. Let l be f(4). Suppose -2*n + 24 = -t, 0 = -4*t - l. List the prime factors of n.
2, 5
Suppose -5*n - 4*f + 7 = -6, 5*f - 7 = 3*n. Let u be 5 + -4 + n + 0. What are the prime factors of 2*((-15)/u)/(-5)?
3
Suppose d - 7 = -0*d. Suppose 2*t = 3*t - d. List the prime factors of t.
7
Suppose r - 2*z + 4 = -10, r = -z - 2. Let w(d) = d**2 + 2*d - 8. What are the prime factors of w(r)?
2
Let k(q) = 3*q**3 - 5*q**2 + 2*q - 5. Let r be k(4). Suppose i - r = -4*i. What are the prime factors of i?
23
Let a(d) = -28*d - 3. Let p be a(-2). Suppose t = -4*f + p, t - 3 = -2*t. What are the prime factors of f?
13
Suppose a + 2*a = 96. What are the prime factors of a?
2
Let n(s) = 2*s - 3. Let a be n(5). Let x(z) = z - 12. Let g be x(a). Let q = g + 16. What are the prime factors of q?
11
List the prime factors of (4/12)/(2/486).
3
Suppose 6*s - 2*s = 20, -5*f + 570 = -5*s. List the prime factors of f.
7, 17
Suppose -4 + 9 = r. What are the prime factors of (-2)/r - (-1284)/60?
3, 7
Let a(d) = d**2 - 4*d - 6. Let u(l) = -l - 2. Let s(p) = 2*a(p) - 7*u(p). List the prime factors of s(-3).
23
Let w(s) = 2*s**2 + 6*s + 6. What are the prime factors of w(-8)?
2, 43
Let j(n) = n**3. Let s be j(0). Let r(z) = 3*z**3 - 2*z**2 + 1. Let y be r(1). Suppose -3*v - g = -1 - 6, s = 5*v + y*g - 12. What are the prime factors of v?
2
List the prime factors of 3 - (-23 - (-1 + 2)).
3
Let o be 3/(-1)*(-4)/(-3). What are the prime factors of (-6 - (4 + o))*-3?
2, 3
Let z(d) = -d**2 - 2*d + 4. Let t be z(-3). Let u = t - -8. List the prime factors of u.
3
Let v = -20 + 3. Let z = 30 + v. List the prime factors of z.
13
Let b(w) = -10*w**3 - 3*w**2 - 3*w + 3. List the prime factors of b(-3).
3, 5, 17
Let k(x) = -x + 10. Let z be k(8). List the prime factors of (-27)/z*(-2)/3.
3
Let k(a) = a**2 - 3*a - 14. What are the prime factors of k(6)?
2
Let j = -29 - -55. List the prime factors of j.
2, 13
Let m(k) = k**3 + 4*k**2 - 4*k + 4. Let s be m(-5). Let w = 3 - s. Suppose w*j - j = 21. What are the prime factors of j?
7
Let c be (-336)/(-30) - 2/10. Suppose 2*p - c = -3*m, -p - 24 = -2*m + p. List the prime factors of m.
7
What are the prime factors of -2 + 6/4 - (-325)/10?
2
Let b = 357 + -66. What are the prime factors of b?
3, 97
Suppose 3*k - 5 = 2*k. Suppose 5*v - 15 = k. Suppose -t + l = -2, v*t + 3*l - 12 = t. What are the prime factors of t?
3
Suppose 4*m - 4*z = 168, -6*z + 2*z = 2*m - 84. List the prime factors of m.
2, 3, 7
Let x be (-24 + 3)*(-1 + 0). Let n be (8/(-10))/((-2)/(-25)). Let c = n + x. What are the prime factors of c?
11
Let o(v) = -v**3 - 7*v**2 - 3*v. Let w be o(-7). Suppose -20 = -2*h + b, 2*h - h = -5*b + w. Let j = h + -2. What are the prime factors of j?
3
Let s be (-6)/8 - (-2)/(-8). Let l = 4 + s. What are the prime factors of l?
3
Let o(r) = r**2 - 7*r + 5. Let t be o(7). Let j be 2/(-6) + 10/(-6). List the prime factors of (-1)/j*(t - 1).
2
Let p = 10 + 16. What are the prime factors of p?
2, 13
List the prime factors of 10/15*1515/10.
101
Let b(w) = w**3 - 8*w**2 + 10*w - 10. Let h be b(7). Let r = h + 9. What are the prime factors of r?
2, 5
Suppose -4*i + 40 = -0*i. Suppose i - 1 = 3*k. Suppose k*p - 14 = 19. What are the prime factors of p?
11
Let y(z) = z**2 - 7*z + 8. Let w be y(6). Let j(x) = -8 - w*x - x + 6*x. List the prime factors of j(6).
2, 5
Suppose k - 3*a = 5*k - 225, -4*k = 2*a - 230. List the prime factors of k.
2, 3, 5
Let u(q) be the third derivative of 1/6*q**4 + 3*q**2 + 0 + 0*q + 1/6*q**3. List the prime factors of u(2).
3
Let b be 2/6 - 30/(-18). List the prime factors of ((-48)/4)/(-4)*b.
2, 3
Let s = 23 - 8. Let j be -2*(-3)/(-15)*s. What are the prime factors of (4/j)/((-4)/78)?
13
Suppose -t - 5*c = 7, 0*c - 2*c = -t. Let d be t/(-2) + (-1)/(-1). Suppose -14 = -d*s + 4. What are the prime factors of s?
3
Suppose 0 = -4*i + 3*v, v - 2*v - 8 = -4*i. Suppose -i*k + 0*k = 30. What are the prime factors of (-26)/k + 2/5?
3
Let q(i) = i**3 - 10*i**2 + 11*i + 2. Let l be q(9). Let z = -9 + l. List the prime factors of z.
11
Let h be -4*(-21)/6 - 1. Suppose 4 = -3*p + h. Suppose 0 = p*d + 2*f + 